) - 144/(-63). Suppose 45 = 4*j - j + 3*r, -27 = -j + 2*r. Let q = b + j. What is the remainder when q is divided by 11?
10
Suppose 2*q = -4*x + 16, 5*q + 5 = x + 1. Calculate the remainder when x is divided by (-2)/(((-14)/35)/((-3)/(-5))).
1
Let k(s) = 2*s**3 - s**2 - 3*s + 1. Suppose 3 = y - 0. Suppose -3*g = 5*j - 49, 3*g - 4*j - j - 29 = 0. Calculate the remainder when k(y) is divided by g.
11
Suppose -46 = -5*a + 2*t, a + 0*t = 5*t + 23. Suppose m - 3 = a. What is the remainder when m is divided by 6?
5
Let y(b) = -3*b - 5. Let v(t) = 3*t**2 + t - 2. Suppose 0 = -3*p + 6. Calculate the remainder when v(p) is divided by y(-4).
5
Suppose -2*l + 28 = -3*x, 5*x + 23 = 4*l - 37. Let t = -32 - l. Let v = t - -75. Calculate the remainder when v is divided by 12.
11
Let j(a) = a**3 + 6*a**2 - 4*a + 12. Calculate the remainder when j(-6) is divided by 10.
6
Suppose 5*x - 12 = 3. What is the remainder when 17 is divided by (-2 - -5) + 6/x?
2
Let x(t) = 11*t**2 - 19*t + 19. Let k(a) = -5*a**2 + 9*a - 9. Let b(q) = 13*k(q) + 6*x(q). Calculate the remainder when b(-5) is divided by 3.
1
Let s(t) = t**3 - 3*t**2 + 3*t. Let f be s(2). Suppose 0 = 5*r - 8 - f. Calculate the remainder when 8 is divided by (-1)/r*24/(-4).
2
Let j = 7 - 6. Let q be 7*15 + (j - -2). Suppose k + k = q. Calculate the remainder when k is divided by 14.
12
Suppose 0 = -3*s - 5*j - 55 + 169, 0 = -4*s + 2*j + 178. Let b be 4/5 - 31/(-5). Let z(q) = q + 8. What is the remainder when s is divided by z(b)?
13
Let w(s) = s**3 - 20*s**2 + s - 16. Calculate the remainder when 17 is divided by w(20).
1
What is the remainder when 15 is divided by 48/168 - 54/(-7)?
7
Suppose 2*i + 6 = -3*x - i, 3*x - 2*i = 19. What is the remainder when (-2 - -3)*(x + 13) is divided by 6?
4
Let u(k) = k**3 + 6*k**2 - 6*k + 8. Let d be u(-7). Suppose -3*m + d + 32 = 0. What is the remainder when (-1 - 4)/(1/(-4)) is divided by m?
9
Let w = 26 - 14. Suppose 2*x - 302 = 4*p, -p - 146 = -2*x + x. Suppose x = 3*g - 0*g. Calculate the remainder when g is divided by w.
11
Suppose 0 = -o + 5*g - g + 37, 5*g = -3*o + 77. Calculate the remainder when 84 is divided by o.
26
Suppose 4*j = -4*s + 3*j + 105, -49 = -2*s + 3*j. Calculate the remainder when s is divided by 10.
6
Let o(j) = -j**2 - 6*j + 23. Let t(w) = w**2 + 6*w - 24. Let h(k) = -7*o(k) - 6*t(k). What is the remainder when 37 is divided by h(-9)?
7
Suppose 4*k - 88 = 2*k. What is the remainder when k is divided by 23?
21
Let c(x) = 13*x**2 + 5*x - 11. Calculate the remainder when c(3) is divided by 21.
16
Suppose -11 = -5*a - 4*g, -3*a + 0*g - 23 = -5*g. What is the remainder when a/7 - (-660)/14 is divided by 12?
11
Suppose 5*w - 5*g = 195, -3*w + 4*g = -5*w + 96. Suppose 0*x + 5*y - 3 = x, -w = -4*x + 2*y. Calculate the remainder when x is divided by 7.
5
Let x(i) = i**3 - 20*i**2 + 15. Calculate the remainder when 38 is divided by x(20).
8
Calculate the remainder when (-23)/((-2 + 7)/(-20)) is divided by 31.
30
Let u = -105 - -111. What is the remainder when 38 is divided by u?
2
Let h(k) = k + 4. Let i = 4 + -3. Suppose -3*c + 3*z = 21, i = c + c + z. What is the remainder when 5 is divided by h(c)?
1
Let v = -3 + 9. Suppose 5 = h - 3*l, -3*h + 5*l = -14 - 17. What is the remainder when h is divided by v?
5
Suppose 0*f - 15*f + 855 = 0. Calculate the remainder when f is divided by 20.
17
Suppose 0 = -l + 42 + 41. Calculate the remainder when l is divided by 21.
20
Let a = -146 + 231. Suppose 4*x + x = a. Let i(y) = 3*y - 6. Calculate the remainder when x is divided by i(5).
8
Let q = -13 + 16. Calculate the remainder when (-2)/q - 1640/(-30) is divided by 11.
10
Let r(w) = -w**3 + 2*w**2 + 3*w + 2. What is the remainder when r(-2) is divided by 7?
5
Let h = -8 + 13. Suppose 6 = 2*d + 2*w, h*d + 7 = -3*w + 32. Let z(x) = -4*x + 1. Calculate the remainder when d is divided by z(-1).
3
Let g = -1 - -5. Let b(h) = -h - 1. What is the remainder when b(-8) is divided by g?
3
Let i = -80 + 89. Calculate the remainder when 33 is divided by i.
6
Let d(f) = -f - 2. Let i = -7 - -21. What is the remainder when i is divided by d(-6)?
2
Let g = -14 + 41. Calculate the remainder when g is divided by 14.
13
Let r be 0/((-4)/((-12)/(-9))). What is the remainder when 2 + (-1 - r) + 13 is divided by 8?
6
Suppose -3*b = b - 44. Suppose 8*k = b*k - 45. Calculate the remainder when k is divided by 4.
3
Suppose 0 = 2*f - 3*f - 5*j - 12, 0 = -4*j - 20. Calculate the remainder when 25 is divided by f.
12
Let f(d) = d**3 + 5*d**2 + 4. Let b be f(-5). Suppose -h - b = -8. Suppose 5*l + h = 39. What is the remainder when l is divided by 4?
3
Let r = 86 + 58. What is the remainder when r is divided by 29?
28
Let y = -8 + 15. What is the remainder when 25 is divided by y?
4
Suppose 0 = 2*k, -3*r + 149 - 38 = 3*k. What is the remainder when r is divided by 22?
15
Suppose 2*g + 2*y - y - 127 = 0, 5*g - y = 314. Let r be (-5)/(-1 - g/(-66)). Suppose 3*n - r = -2*n. What is the remainder when 65 is divided by n?
21
Suppose -10*b + 20 = -8*b. What is the remainder when 38 is divided by b?
8
Let d = -20 + 37. Calculate the remainder when d is divided by 1*2/(4/10).
2
Suppose -g - 1 = 2*f + 3, 4*g - 4*f = 44. Let m(b) = b**2 - 2*b - 2. What is the remainder when m(g) is divided by 8?
6
Suppose t = 16 + 11. Let m = 14 + t. Let n(r) = r + 5. Calculate the remainder when m is divided by n(6).
8
Suppose -b + 73 - 16 = 0. Calculate the remainder when b is divided by 20.
17
Let n = 88 - 45. Let k = 28 + n. Let o = 30 - 6. What is the remainder when k is divided by o?
23
Suppose -y - 2 + 5 = 0. Calculate the remainder when 1/(2*(-3)/(-18)) is divided by y.
0
Suppose 2*l - 21 - 17 = 0. Calculate the remainder when 37 is divided by l.
18
Let h(u) = 2*u - 2. Let k = 8 - 3. Calculate the remainder when (37 + -1)/3 - -2 is divided by h(k).
6
Let s = -103 - -294. Let a = s + -109. Suppose -4*w + 0*t + 76 = -4*t, -4*w - 2*t + a = 0. What is the remainder when 39 is divided by w?
19
Let p(q) = 3*q - 2. Suppose v + 15 = 2*i, -i - 3*v = -v + 5. Calculate the remainder when 50 is divided by p(i).
11
Let y = 8 - 4. Suppose 4*q - 79 + 3 = -y*r, 3*q = 3*r + 45. Calculate the remainder when 63 is divided by q.
12
Let i be ((-26)/(-4))/((-1)/(-2)). Suppose -x + i = -12. Calculate the remainder when x is divided by 9.
7
Let f be 3*((-10)/(-6) - -1). Calculate the remainder when 2*2/(f/106) is divided by 18.
17
Suppose -3*w + 31 = 4*o, 0 = o - 2*o + 1. Suppose 0 = -3*k - 0*k + w. Suppose g - k*c = 5, -g + 0 = 4*c - 19. Calculate the remainder when 21 is divided by g.
10
Let l(w) = 2*w**3 - 10*w**2 + 7. What is the remainder when l(5) is divided by 4?
3
Suppose 16 = 4*j - 3*j. What is the remainder when j is divided by 9?
7
Let w(v) = -2*v - 1 + 12*v**3 - 9*v**3 - v**3 - 3*v**3. What is the remainder when 21 is divided by w(-2)?
10
Suppose a - 3 = 0, 4*s - 4*a - 8 = 4. What is the remainder when 10 is divided by s?
4
Suppose 0*a - 5*a = 5*k - 175, -120 = -4*k + a. Calculate the remainder when k is divided by 19.
12
Suppose -4*t = -35 - 261. What is the remainder when t is divided by 19?
17
Let g = 8 + -8. Let v be 4 - g/((-1)/(-1)). Suppose 9*u - 145 = v*u. What is the remainder when u is divided by 8?
5
Let o(a) = -10*a + 4. Suppose 4*f + 4*b = -32, -b = 4*f - 1 + 18. Let r = 22 - 10. What is the remainder when o(f) is divided by r?
10
Suppose -l + 0*l = -3*h - 82, -4*l + 4*h = -296. Calculate the remainder when l is divided by 36.
34
Let u be (-1)/2 + (-11)/(-2). Suppose 36 = u*m + 6. Let f = 88 + -66. What is the remainder when f is divided by m?
4
Suppose 0 = 4*u + 4*r - 60, -4*u + 5*r = 4*r - 55. Let p = 20 + -14. Calculate the remainder when u is divided by p.
2
Suppose 2*v - 5*n - 221 + 71 = 0, 2*v + 5*n - 130 = 0. What is the remainder when v is divided by 6?
4
Let z(b) = 2*b**3 - b**2 + 6*b - 6. What is the remainder when z(3) is divided by 15?
12
Suppose -l = -3*l - 5*a + 14, l = -2*a + 5. Let x be (2/(-4))/(l/(-54)). Let d = -2 - x. What is the remainder when 19 is divided by d?
5
Let d(j) = -2*j. Let v be d(-2). Let z = 2 - v. What is the remainder when 4/(-3)*-9 + z is divided by 4?
2
Suppose -3*n = -4*g - 44, 0 = -n + 2*g + 3*g. Calculate the remainder when 58 is divided by n.
18
Suppose -3*m 